sor of l and 57?
19
Let r(y) = y**3 + 12*y**2 + 11*y - 3. Let s be r(-9). Let w = s + -57. Calculate the highest common factor of 12 and w.
12
Let x = -79 + 100. Let v = 29 - x. Suppose d - 37 = -4*t, 2*t - 4 = -t + 4*d. What is the greatest common divisor of v and t?
8
Let w be ((-12 + 0)*-1)/1. What is the greatest common divisor of 3 and w?
3
Let w = 50 - 49. Let t be 6/((-12)/(-46)) - (-2 + w). Calculate the highest common factor of t and 18.
6
Let y be 76/3 - (-1)/(-3). Suppose -m - 2 = -3*f, -m - 1 - 1 = -5*f. Suppose f*n + 4*k = -2*n + 42, 2*k + 4 = 0. Calculate the highest common factor of y and n.
25
Suppose 2*b - 2*h = 326, 3*b = b + 4*h + 330. Calculate the highest common divisor of b and 7.
7
Suppose p + 3*p + 2*m - 38 = 0, p = 3*m + 13. Suppose 6*z - z + p = 5*n, -4 = -3*z + n. Suppose -b + 48 = z*b. Calculate the highest common factor of 4 and b.
4
Suppose -374*u = -364*u - 46610. Calculate the highest common divisor of u and 59.
59
Let u(f) = -5*f**3 + 2*f**2 - 9*f - 18. Let h be u(-2). Calculate the greatest common divisor of 132 and h.
12
Suppose -5*q = 59 + 31. Let u = q - -8. Let o = -6 - u. What is the greatest common divisor of o and 44?
4
Suppose 0 = -10*i + 253 - 193. Calculate the greatest common divisor of 18 and i.
6
Let d = -142 - -140. Let o be (d + (-2)/(-4))/(6/(-100)). What is the greatest common factor of o and 25?
25
Suppose -u = -3*z - 2*z + 55, 5*z = -5*u + 85. Let b = 10 - 18. Let v be b*(-1 - 11/4). What is the greatest common factor of v and z?
6
Suppose 6*x = 121 + 41. What is the greatest common factor of x and 729?
27
Suppose -2*v = 3*d + v - 360, 4*d = v + 470. What is the highest common factor of d and 295?
59
Let p(l) = -l**2 + 33*l + 13. Let u be p(19). Let i be (3 - 2)*(3 + 28). Calculate the greatest common factor of u and i.
31
Suppose -5*c - 3 + 33 = -4*t, 2*c + 2*t = 12. Let y(d) = 7*d - 10. Let f be y(-10). Let w = f - -122. Calculate the highest common factor of w and c.
6
Let w(t) = 42*t - 22. Let s be w(5). Suppose 4 = 4*g, 4*h - h - s = 4*g. Calculate the greatest common factor of h and 160.
32
Let d(q) = q**3 - 8*q**2 + 12*q + 27. Let l be d(9). What is the highest common divisor of l and 48?
24
Let d = 546 - 447. Calculate the highest common factor of d and 165.
33
Let h = 12 + -26. Let q = 5 - h. Let y = -32 - -70. What is the greatest common factor of q and y?
19
Let j be 4/(-18) - (-184)/18. Suppose 9*h - 8*h = 3, -3*b + 102 = 4*h. Calculate the greatest common divisor of b and j.
10
Let x = 33 + -13. Let z(n) = 3*n - 13. Let k be z(6). What is the greatest common divisor of x and k?
5
Suppose 37*s - 14*s - 7038 = 0. Let l = 18 - -16. What is the greatest common divisor of l and s?
34
Let v = -1819 - -1845. Suppose x = 3*b + 2*b - 1435, 3*b - 4*x - 878 = 0. Calculate the greatest common divisor of b and v.
26
Let a = -62 - -24. Let y = -17 - a. Calculate the greatest common divisor of y and 21.
21
Let v(q) = 7 - 2*q**2 - 2*q**2 + 4*q**2 - q**2 + 2*q. Let h be v(6). Let z = h + 34. What is the highest common factor of 17 and z?
17
Let i(u) = -100*u + 25. Let x be i(-8). What is the highest common divisor of x and 50?
25
Suppose 51 = g - n, -5*g - n + 157 + 128 = 0. What is the highest common factor of g and 40?
8
Suppose 825*y = 827*y - 518. Calculate the greatest common divisor of y and 7.
7
Let v(u) = -2*u**2 - 18*u + 72. Let d be v(0). What is the highest common factor of d and 225?
9
Let h(a) = 119*a + 1. Let b be h(1). Let n be 27/(-6)*-1*4. Suppose 2*k = 4*o + n, k - 24 = -5*o + 2*o. What is the highest common divisor of k and b?
15
Let u(k) = 13*k - 3*k - 5*k + 1. Let c be u(3). What is the highest common factor of c and 32?
16
Let x(g) = 2*g - 24. Let s be x(13). Suppose s = i + i. Suppose 0*l - 8 = -2*l. What is the highest common divisor of l and i?
1
Suppose w + 12 = 4*w. Suppose w*b = -3 + 15. Suppose -3*v + 0*m - 3*m = -363, -3*v + b*m = -393. Calculate the greatest common factor of v and 18.
18
Suppose -19*w = 7*w - 5824. Calculate the greatest common divisor of 28 and w.
28
Suppose 2*h - 4*j + 3*j = 1, 5*j = h + 22. Suppose 288 = h*w + 5*t, -88 - 104 = -2*w + 2*t. Calculate the greatest common divisor of 24 and w.
24
Let c = 425 + -365. What is the greatest common divisor of c and 210?
30
Suppose -4*k = -v + 69, -5*v + v + 5*k = -221. Suppose b + 6 = 3*b + 2*i, 3*b + 2*i - 13 = 0. What is the greatest common divisor of v and b?
7
Let f(t) = -t**3 - 2*t**2 - 9*t - 22. Let c be f(-7). Calculate the highest common factor of 26 and c.
26
Suppose -5*q + 200 = 3*z, 0*z = 3*q - 5*z - 86. Calculate the greatest common divisor of 296 and q.
37
Let a(w) = w**2 - 4*w - 30 + 11*w + 2*w. Let n be a(-18). What is the greatest common divisor of n and 88?
44
Suppose 0 = 57479*x - 57462*x - 2040. Let s(k) = -k**2 + k. Let j be s(3). Let c be (j/4)/(2/(-20)). What is the highest common divisor of c and x?
15
Let s(q) = -4*q**3 - 16*q**2 - 43*q - 15. Let b be s(-8). What is the greatest common factor of b and 33?
33
Let y be 16/(-6) + 2/3. Let v be 56/9 - (-6)/(-27). Let q be (-9)/y*88/v. Calculate the highest common divisor of q and 6.
6
Suppose -4*f + 4 = -0*f. Let q be (1/(-1) - f)/(18/(-945)). What is the greatest common factor of q and 70?
35
Let m(z) = -42*z. Let s be m(-2). Let j = -143 - -271. Let l = j - s. Calculate the highest common factor of l and 4.
4
Let x(j) = 7*j - 1. Let i be x(1). Let y be 2/(-4) - (618/(-4))/3. Suppose -9 = -3*w, 0*w = -h + w + y. What is the greatest common divisor of i and h?
6
Let w be -4*124/(-32)*2. Let v(b) = 37*b - 23 - 12*b + 2. Let j be v(12). What is the greatest common divisor of w and j?
31
Let b(q) = -2 + 2*q + q**2 - 7*q - 1. Let c be b(6). Suppose -3*y - 38 + 221 = -5*k, c*k = -9. What is the highest common divisor of y and 140?
28
Let p be (-40)/(-3) - 4/(-6). Suppose 4*o = 20, 2*o - 40 = 3*d - 0*o. Let j = p + d. What is the greatest common divisor of 12 and j?
4
Suppose -2*z = -4*v + 144, -70 = -3*v + 4*z + 43. Let b = v - 22. Suppose 4*r - 43 = -3*a + 3*r, -a = 4*r - 29. What is the highest common factor of a and b?
13
Suppose 5*u - 3345 = 3*d, 0 = -5*u + 30*d - 35*d + 3385. Calculate the greatest common divisor of 288 and u.
96
Let v = -21 + 29. Let c be -12*9/90*20/(-12). What is the greatest common factor of c and v?
2
Let w = -493 - -763. Suppose 0 = 4*y - 17 + 9. Suppose -y*v - 80 = -3*o - 0, -4*o - 2*v = -130. Calculate the highest common factor of w and o.
30
Let z(v) = v**3 + 4. Let a = 67 + -67. Let r be z(a). Calculate the greatest common factor of r and 2.
2
Let g = -53 + 132. Calculate the highest common factor of g and 316.
79
Suppose 10 + 20 = -5*y. Let w = 4 - y. Suppose -u + 30 = -w. Calculate the greatest common factor of 5 and u.
5
Suppose -3*g = -7*g + 12. Suppose -i + 468 = g*i. Suppose -c + 7 + 4 = j, 5*c + j - 63 = 0. Calculate the greatest common factor of c and i.
13
Let l be 3/((24/(-28))/(-6)). Let w be l*(2 + 2 - -4). Calculate the highest common divisor of w and 21.
21
Suppose 3*v = 9, -3*v - 287 = -5*y - 7*v. What is the greatest common divisor of 407 and y?
11
Let f(p) = 3*p**2 + 6*p. Let o be f(-6). Let l(j) = j**3 + 38*j**2 - 79*j + 58. Let h be l(-40). Calculate the highest common factor of o and h.
18
Suppose 5 - 4 = c. Let a(n) = n**3 + 5*n**2 - 2*n - 4. Let o be 12/(-3) + 0 + -1. Let u be a(o). Calculate the highest common divisor of c and u.
1
Let c = -1 - -3. Let z = 6 - -1. Suppose -z*i = 7 - 35. Calculate the highest common divisor of c and i.
2
Let r be (-1)/(7/4 - 2). Let a be 9 + (-8)/r + 6/3. Calculate the greatest common divisor of a and 9.
9
Let g be 100/5*58/4. Suppose -25 = 5*o, -z + o + g = 6*o. Calculate the highest common factor of 63 and z.
63
Suppose -15*o = -22*o + 1316. Calculate the highest common divisor of o and 517.
47
Let i(q) = -q**3 - 5*q**2 - 6. Let l be i(-6). Suppose -5*z - z = -126. Suppose -z*d = -20*d - 12. Calculate the greatest common factor of l and d.
6
Let t be (-2)/(-4)*70/(-1). Let g = t + 63. Let i = g - 13. Calculate the greatest common divisor of i and 60.
15
Let r = 40 + 19. Suppose 4*n - 4*m = 204, n = 3*m + 2*m + r. What is the highest common divisor of n and 7?
7
Suppose 2*r + 4*n = 4*r - 108, 4*r - 4*n - 212 = 0. Calculate the greatest common divis